 highest common divisor of y and 27?
3
Suppose -8*m + 59 = 19. What is the highest common factor of 220 and m?
5
Suppose 6*w + 4*i = w + 30, i + 35 = 3*w. Let a be (-2)/3*180/w. Let v = 36 + a. Calculate the highest common factor of 12 and v.
12
Let a(z) = -7*z + 48. Let l be a(0). Calculate the highest common factor of 336 and l.
48
Suppose 3 = 2*m - 1, 3*d - 1167 = 3*m. Calculate the highest common factor of 23 and d.
23
Suppose -10*a - 55 = -11*a. Suppose 4*t - t = 0. Let m = t + 5. Calculate the greatest common factor of m and a.
5
Let k(y) = -3*y + 182. Let h be k(18). Calculate the highest common divisor of h and 176.
16
Let b be (495/(-20))/((-495)/160 + 3). Suppose -4*g + 43 + 53 = 0. What is the greatest common divisor of b and g?
24
Let o = 12 + -36. Let p = 29 + o. What is the greatest common factor of 45 and p?
5
Let z be (-284)/(-6) + (-4)/12. Suppose 3*u - z = -8. What is the highest common factor of u and 52?
13
Let l(a) = a**2 + 11*a - 3. Let y be l(-12). Let b(z) = -2*z**3 + 20*z**2 - 6*z - 8. Let d be b(y). Calculate the greatest common factor of 40 and d.
20
Let v(z) = z**2 + 3*z - 5. Let i be v(3). Let g(u) = 13*u**2 - u - 1. Suppose -2 = 3*t - t. Let s be g(t). What is the highest common factor of i and s?
13
Suppose 4*t - 26 = 14. Suppose 0 = -t*p + 20 + 170. Let i be 6/(-15) + (-954)/(-10). What is the greatest common factor of i and p?
19
Suppose -5*t + 3570 = -5*r, -5*t + 2140 = -2*t - 2*r. Calculate the highest common divisor of 89 and t.
89
Let l(d) = 147*d**2 - 12*d - 15. Let p be l(-1). Calculate the greatest common factor of p and 360.
72
Let c = -21 - -25. Suppose -2*p + 3*n = -75 - 3, -5*p + 241 = c*n. Calculate the highest common factor of 18 and p.
9
Let z be -2 + 3 + -4 - -99. Let i be (-2)/(-4)*z/(-8). Let d be 3 - (i - -3 - 58). What is the greatest common divisor of d and 16?
16
Let q = -94 + 282. Let x = 280 - q. Calculate the greatest common divisor of x and 23.
23
Suppose w - 2*w = -5. Let h(z) = 4*z**3 + z**2 - 3*z + 3. Let j be h(1). What is the highest common divisor of w and j?
5
Let o be 5 + -2 + 44/4. Suppose -q + 6*q = -5*t + 110, 4*t + 17 = q. Calculate the highest common factor of o and q.
7
Suppose 2*h = -h - 2*l + 153, 4*l = -12. Suppose h = 10*v - 7. Calculate the highest common divisor of v and 12.
6
Let l = 7 + -7. Let p = -27 - -28. Let a be (p - (2 + l)) + 91. Calculate the greatest common factor of 10 and a.
10
Let g = 1 - -1. Suppose 0 = -g*j + 15 - 3. Calculate the greatest common factor of 27 and j.
3
Let w = -488 - -495. What is the highest common divisor of 7 and w?
7
Suppose 5*n - 7 - 181 = -3*q, 3*n - 100 = -5*q. Suppose 14*h - 1500 = -h. Calculate the greatest common factor of n and h.
20
Suppose 4*v - 44 = 76. Suppose t + 0*s = s + 27, -2*s - v = -t. Suppose w - 11*w = -360. What is the greatest common divisor of w and t?
12
Let w = 727 - 727. Suppose c + 4*c - 15 = 0. Suppose -2*o + 1 + c = w. Calculate the greatest common divisor of 22 and o.
2
Suppose -2*j + 5*j - 75 = 0. Suppose t - 4*t + j = -4*i, t - i = 9. Calculate the highest common divisor of t and 121.
11
Let v = 32 + 7. Let i = 118 - 115. What is the greatest common divisor of i and v?
3
Suppose 0 = -3*j + 3*s + 126, s - 126 = -8*j + 5*j. What is the highest common factor of j and 30?
6
Let n = 1062 - 1045. Suppose 3*u = t + 403, 2*u - 107 = -2*t + 175. Calculate the greatest common factor of u and n.
17
Let q(a) be the third derivative of a**5/60 + a**4/8 + 23*a**3/6 + 27*a**2. Let y be q(0). What is the highest common factor of 23 and y?
23
Let j be 9/6 - (-9)/(-18). Suppose 1 = -2*v - 1, -2*d = 2*v - 14. What is the highest common factor of d and j?
1
Let p(x) = x**2 - 99*x + 64. Let z be p(0). Calculate the highest common divisor of z and 1216.
64
Let y(i) = -i**3 + 7*i**2 - 4*i + 1. Let w be y(6). Let u = w - 16. Let s = u - -81. What is the greatest common divisor of 26 and s?
26
Suppose 2*p = 2*q - 160, 0 = -93*q + 95*q - 3*p - 156. Calculate the greatest common factor of 15 and q.
3
Suppose -3*g = 2*g - 4*t + 10, 4*t = g + 18. Let z = 6 + g. What is the highest common divisor of z and 56?
8
Let l(w) = w**2 - 6*w - 2. Let m be l(7). Let f = 9 + -12. Let c = m - f. Calculate the greatest common factor of c and 24.
8
Suppose -3*s = n - 0*n - 15, -2*s + n = -5. Suppose -10 = -s*a + 2*m + 24, 4*a + 4*m - 52 = 0. What is the highest common factor of a and 20?
10
Let w(g) = 9*g + 4. Let r be w(-3). Let k = 121 - r. Let f(s) = -s**2 - 5*s + 22. Let y be f(-6). Calculate the greatest common divisor of k and y.
16
Let u(l) = -6*l**3 - 4*l**2 + 2*l + 2. Let d be u(-2). What is the highest common divisor of 40 and d?
10
Let s(c) = -8*c + 20. Let f(l) = -l**3 + 9*l**2 - 9*l. Let p be f(8). Let z be s(p). Calculate the greatest common factor of 126 and z.
42
Let n = -16 + 32. Let m be ((-40)/(-35))/((-15)/21 + 1). Suppose 3*r - 3*x = 21, m*x = -0*r + r - 22. Calculate the highest common divisor of n and r.
2
Let j = 3197 + -1053. Calculate the greatest common divisor of j and 16.
16
Suppose 4*k - 142 = 2*o, -3*o + 0*o - 249 = 3*k. Let b = o + 181. Let d be 17/2*(-6)/(-3). What is the highest common divisor of b and d?
17
Let i be (11/2)/((-2)/(-4)). Let y(z) = z**2 - 10*z + 8. Let d be y(i). What is the highest common divisor of 190 and d?
19
Let f = -7 + 9. Suppose 0*a - 60 = -3*a - f*q, -2*q - 6 = 0. What is the highest common factor of 2 and a?
2
Let l(f) = f**3 - 4*f**2 + f - 3. Let g be l(5). Let p be 16*(-2)/(-4)*(-3 + 4). Suppose p*v + 3 = 27. Calculate the greatest common divisor of g and v.
3
Suppose -5*j + 296 + 224 = 0. Suppose -3*l - 204 = -9*l. Let w = 47 - l. What is the greatest common factor of j and w?
13
Let t be ((-19)/3 + 3)*6/(-4). Let q be (-72)/(-3) - -3 - (t + -1). What is the highest common divisor of 138 and q?
23
Suppose -3 = -m, m - 12 = -w - 2*m. Suppose -w*o + 4 = -o. Suppose -4 - 11 = -3*i, o*x - 182 = 2*i. What is the greatest common factor of 12 and x?
12
Suppose 11*w - 29*w + 630 = 0. Calculate the greatest common factor of 10 and w.
5
Let x(f) = 132*f + 54. Let m be x(3). What is the greatest common divisor of m and 18?
18
Suppose f = c - 2*c + 30, -3*c - 4*f = -90. Calculate the highest common factor of c and 10.
10
Suppose 0 = 5*f - 60 - 115. Let v = 27 + -25. Suppose -11*j + v*j + 126 = 0. What is the highest common factor of f and j?
7
Let q be (0 + 2)*-1 + 25. Suppose -438 = -5*z + d + 137, -4*z - 4*d + 460 = 0. Calculate the highest common divisor of q and z.
23
Let w = -243 + 249. What is the highest common factor of 39 and w?
3
Suppose 11*o = 3 + 151. What is the greatest common divisor of 42 and o?
14
Let o(i) = i**3 + 10*i**2 - 8*i + 46. Let d be o(8). Calculate the greatest common factor of d and 63.
63
Let i(c) = 32*c**2 - 1. Let w be i(1). Suppose a + 1081 = 5*v + 5*a, 2*a = -5*v + 1083. Calculate the highest common divisor of v and w.
31
Suppose i - 13*i + 2268 = 0. Calculate the greatest common factor of i and 27.
27
Suppose -2*h + 9*f = 14*f + 2, f - 14 = -4*h. What is the greatest common factor of h and 52?
4
Let h = -10 - -14. Suppose 4*u = 23 + 397. Suppose 4*j - 12 = 0, -f + 5*j = h*f - u. What is the highest common factor of 36 and f?
12
Suppose 2 = j + j. Let s be (-72)/54 - 14/(-6). What is the highest common divisor of j and s?
1
Let h be 43/2 + (-3)/(-2) + -2. Suppose -4*b - 3*y + 180 = 0, 3*y - 96 = -h*b + 19*b. What is the highest common factor of 28 and b?
14
Let a(p) = 5*p + 28. Let q be a(-4). Let i be 2 + -14 - (-4)/2. Let g be (-196)/i - 6/(-15). What is the highest common factor of q and g?
4
Let x(m) = 343*m + 118. Let d be x(3). What is the highest common divisor of 31 and d?
31
Let o = 35 + 3. Let j = -47 - -30. Let c = j + o. What is the highest common divisor of c and 7?
7
Let q(k) = -k + 19. Let c be q(18). Let m be 4 + 5/c + -1. Calculate the highest common divisor of 56 and m.
8
Suppose -3*i = 2*r - 103, 0*i = -2*i - 3*r + 67. What is the highest common divisor of i and 28?
7
Suppose -4*d = 3*q - 54 + 8, -4*d - 38 = -3*q. Let f(j) = -2*j**2 - 40*j + 14. Let b be f(-20). What is the greatest common factor of b and q?
14
Suppose 3*j = 1 + 14. Let s(z) = 90*z + 480. Let r be s(-5). What is the greatest common divisor of j and r?
5
Let z be (-1)/